e greatest common divisor of b and 6.
6
Let t be (3 - 147/9)*78/(-5). What is the highest common factor of t and 13?
13
Suppose 23*j = 664 + 133 + 8. Suppose -2*m + 24 = 4*y, -4*m + m + 40 = 2*y. What is the greatest common divisor of m and j?
7
Let x = 5827 + -2954. Calculate the greatest common divisor of 17 and x.
17
Let l be ((-24)/32)/(1/(-4)). Suppose -l*j - 5*s = -65, -3*s - 54 = -3*j + 3. What is the highest common divisor of 30 and j?
10
Let s = 16 + -10. Let j be 2/s + (-268)/(-6). Calculate the greatest common factor of 15 and j.
15
Suppose -3*m = 3*d - d - 80, 5*d + 4 = m. Suppose m = 2*l - 4. Calculate the highest common divisor of l and 14.
14
Let z(s) = -s**3 - 5*s**2 + 14*s. Let q be z(-7). Suppose q = 3*w - 51 + 24. Calculate the highest common factor of 81 and w.
9
Let a = 5059 - 5050. Let i = 3 - 2. Calculate the greatest common factor of i and a.
1
Let z(s) = -s**2 - 11*s + 97. Let d be z(-16). Calculate the highest common divisor of d and 323.
17
Suppose 3*x + 5*x = -18*x + 572. Let d(l) = 7*l**2 + 6*l - 7. Let j be d(5). What is the greatest common divisor of x and j?
22
Let j = 2118 - 2074. Suppose -4*k + 36 = 4. What is the highest common factor of j and k?
4
Suppose -7*l + 6 + 8 = 0. Suppose -3*u + 0*j = -5*j - 390, -6 = l*j. Calculate the greatest common factor of u and 25.
25
Let c = 18 - 13. What is the greatest common divisor of c and 55?
5
Suppose -2*i + 402 = 132. Calculate the highest common factor of 108 and i.
27
Let t = -388 - -813. What is the greatest common factor of t and 68?
17
Let b = -1539 - -1549. Suppose 3*f = -4*m + 154, -2*f = m - 12 - 24. What is the greatest common factor of m and b?
10
Suppose -14892 = -12*y - 2112. Calculate the highest common factor of 15 and y.
15
Let b be ((30/(-9))/(-5))/((-2)/(-21)). Suppose 0*o = -b*o + 630. Let w = 16 - 6. Calculate the highest common divisor of w and o.
10
Let y be 4/(-6) + 22/6. Suppose 0 = u + y*l - 62, -7*u - 3*l = -3*u - 221. What is the highest common factor of u and 53?
53
Let u(l) = -2*l**3 - l**2 - 3*l - 1. Let c be u(-3). Let o = -8 + c. Let v be (16/4)/((-8)/(-36)). What is the highest common factor of v and o?
9
Let k = 81 - 75. Let t(r) = -r**2 + 13*r - 34. Let o be t(k). Calculate the greatest common factor of 16 and o.
8
Let p(k) = -k**2 - 23*k + 36. Let f be p(-19). Calculate the greatest common factor of f and 42.
14
Let v be 5*(0 - -3 - 510/(-150)). Calculate the greatest common divisor of v and 168.
8
Suppose -25 = -k + 40. Let w be (k/(-5))/(1/(-5)). Calculate the highest common factor of w and 13.
13
Let d(k) = -758*k + 142. Let q be d(-1). Calculate the highest common divisor of 108 and q.
36
Suppose -312 = -8*l + 4*l - 3*n, -2*l + 166 = 4*n. What is the greatest common factor of l and 105?
15
Suppose 4*m = 3*x + 891, m + 3*x = 3*m - 447. What is the greatest common factor of m and 74?
74
Let f be 23/7 + 2/(-7). Suppose -f = 3*h - 6*h. Let o(z) = -z**2 - 53*z + 2. Let d be o(-53). What is the greatest common divisor of d and h?
1
Suppose -5*k + 19 = 4. Suppose k*l - 190 = -5*y - 20, 0 = -2*l - 4*y + 116. What is the greatest common divisor of l and 10?
10
Let w be (-3092)/(-14) + 582/(-679). Calculate the highest common divisor of w and 60.
20
Let t = -30 - -60. What is the greatest common divisor of t and 66?
6
Suppose 12*z - 60 = 336. Let f be (-4)/(-4) + 10/1. What is the highest common divisor of z and f?
11
Suppose 1210*x + 616 = 1212*x. Calculate the highest common factor of x and 55.
11
Suppose 77*k = 76*k + 13. Let p be 414/k + (-55)/65 + 1. Calculate the highest common divisor of p and 352.
32
Let v(g) be the first derivative of -g**3/3 + 9*g**2/2 + 28*g - 48. Let h be v(7). Calculate the greatest common factor of h and 70.
14
Let z(u) = 2 - 9 - 3 - u. Let p be z(-13). Suppose p*y + 4*m - 32 - 28 = 0, -3*m + 73 = 4*y. Calculate the greatest common factor of 128 and y.
16
Let a be 5746/4 - ((-126)/28)/(-3). What is the highest common divisor of 35 and a?
35
Suppose 3*p = -0*p + 291. Suppose 4*n = p - 13. What is the greatest common factor of n and 7?
7
Let r be (1298/66)/((-1)/(-6)). Let x = -323 - -500. What is the highest common divisor of r and x?
59
Suppose 5*q + 140 = -50. Let y be (2 - -7)/((-2)/q). Suppose 3*z + 13 = 2*a + 66, 0 = -2*z + 3*a + 32. Calculate the greatest common divisor of y and z.
19
Suppose 175*x - 190*x = -255. Let y = -28 - -62. What is the highest common divisor of x and y?
17
Let j be 3/12 - 2*(-3081)/24. Let z = j + -113. What is the greatest common factor of 16 and z?
16
Suppose 0 = -3*o + 316 - 13. Suppose 10*m - 2*u = 5*m + o, m + u - 23 = 0. Let w(s) = 6*s - 3. Let z be w(4). What is the greatest common factor of z and m?
21
Let c be 51/85 - 2110/(-25). What is the greatest common divisor of c and 34?
17
Suppose 0 = 21*o - 262 - 2006. What is the highest common factor of 24 and o?
12
Suppose -17*f - 68 = 0, 5*f + 54 = 2*p + 2. Let x be 18/(-4)*(-68)/3. Suppose 3*u = -2*y + x, -4*y + 242 = y + u. What is the greatest common factor of p and y?
16
Suppose 5*w = -38*w + 903. Let g be 1 + -1 + 1 - -13. Calculate the greatest common divisor of w and g.
7
Let h be (126/(-8))/((-267)/1780). Calculate the highest common factor of 15 and h.
15
Suppose 132 = 5*c - 3*c. Suppose c = -4*z + 162. Let p = z - -6. What is the highest common factor of p and 12?
6
Suppose -2*q - 4*p + 12 = -14, -q + 3*p = 7. Suppose -2*v = -i + 7, -i + q = -v - 2. Suppose 174 = i*c - 5*c. What is the highest common factor of c and 29?
29
Let m = -28 - -73. Let a(q) = -q**2 + 9. Let v(u) = -u**2 + 1. Let w be v(1). Let j be a(w). What is the greatest common factor of m and j?
9
Suppose 0 = c - g - 64 - 131, -3*c + 4*g + 582 = 0. Calculate the greatest common divisor of 66 and c.
66
Let h be 6/10 + (-5 - 576/(-40)). What is the highest common factor of h and 74?
2
Let k(r) be the second derivative of r**5/20 + r**4/2 - 3*r**3/2 - 4*r**2 - 3*r. Let t be k(-7). Calculate the greatest common divisor of t and 48.
6
Let k = -26 + 17. Let g be (-88)/(-5) - k/(-15). Let c be (0 + (-2)/(-5))*85. What is the greatest common divisor of g and c?
17
Let l = -2 - -17. Suppose 4*z - l = 1. Let j be (-2)/z + (-305)/(-10). What is the greatest common factor of 15 and j?
15
Let k be (-2254)/(-63) + 6/27. Calculate the greatest common divisor of k and 64.
4
Let n(f) = f**2 - 5*f + 9. Let q be n(4). Let c(s) = -2*s - 1. Let m be c(-3). What is the greatest common factor of q and m?
5
Let n = -213 + 257. Calculate the highest common factor of n and 198.
22
Suppose g + 13*g = 0. Let j be (-8)/(g - (-2)/(-5)). What is the highest common factor of 20 and j?
20
Let q be 1/(1/5) + 3. Suppose 5*l - q*l = -54. Let p = 33 - l. What is the greatest common factor of 10 and p?
5
Suppose -u + 3*u + 97 = 3*n, 4*u = -5*n + 191. What is the greatest common factor of n and 10?
5
Let d(r) = -2*r**2 - 15*r - 20. Let s be d(-5). Suppose 0 = -3*q - w + 272, s*w + 12 = 2*w. What is the greatest common factor of q and 4?
4
Suppose -3 = 3*v, 5*x - 5*v + 0*v - 485 = 0. Let z = -83 + 83. Suppose 0 = -4*k - z*k + x. What is the greatest common divisor of k and 120?
24
Let x(r) = r + 22. Let m be x(0). Suppose 0 = -3*l - 5*v + 89, -5*v - 1 - 25 = -2*l. Let c = l - 21. Calculate the greatest common divisor of c and m.
2
Suppose -5*h + 4 = -7*h. Let m be 1*((-2)/h - 2) - -225. Calculate the highest common factor of 32 and m.
32
Let g = -1543 + 1558. What is the highest common factor of 345 and g?
15
Let j = 65 - 35. Let c = -10 + j. Let h be 1/((-4)/5 + 1). Calculate the highest common divisor of h and c.
5
Let f be 6*(-7)/((-84)/16). Let w be (f + 34)*2/6. Suppose 0 = -2*q + 316 + w. Calculate the greatest common factor of q and 15.
15
Suppose 15 = -3*d, -4*d - d - 13 = 4*h. Let m(q) = 6*q - 5. Let l be m(h). Calculate the greatest common divisor of 91 and l.
13
Let h(g) = -62*g - 97. Let s be h(-4). Calculate the highest common factor of s and 1.
1
Suppose -6*f + 47 = -1. Suppose 2*n - f = 0, -5*n + 0 = -3*y + 4. What is the highest common divisor of y and 2?
2
Suppose 48 - 147 = -3*p. Suppose p = k - 3. Let g = 603 - 579. Calculate the highest common divisor of g and k.
12
Suppose 651 = 46*q - 177. Let s = 329 - 185. What is the highest common factor of s and q?
18
Let 